*r - n*k + 12 = r. Let d(y) = y**2 - 2 + 1 - r*y**2 + 2. Calculate d(2).
-11
Let q(h) = -4*h**3 + h**2 + 2*h. Suppose 0 = -5*z, 4*t + 44*z - 48*z = -4. Determine q(t).
3
Let m(d) = 5*d - 11. Let w be m(5). Let s(p) = -7 + p**3 + 5 + w*p**2 + 4. Let j be s(-14). Let v(c) = 2*c. Calculate v(j).
4
Let u(x) be the first derivative of -59 - 1/3*x**3 + 2*x - 1/2*x**2. Determine u(-2).
0
Let w(s) = -17*s**2 - 5*s. Let n(k) = -18*k**2 - 4*k. Let o(a) = -4*n(a) + 3*w(a). Determine o(-1).
20
Let u(v) = -v**3 - 6*v**2 + v - 1. Let o = -62 - -34. Let w = 22 + o. Calculate u(w).
-7
Let r(f) = -3*f - 36. Suppose 0 = 12*b + 91 + 53. Let i be r(b). Let w(k) = -k**2 - k + 15. Calculate w(i).
15
Let h(k) be the third derivative of k**6/120 - k**5/15 + k**3/3 - k**2 - 17*k. What is h(4)?
2
Let c(b) be the second derivative of b**3/6 - 9*b**2 - 121*b. Calculate c(12).
-6
Let g(c) = -c**3 + c**2 + 3. Let t(l) = 3*l**3 - 6*l**2 - l. Let f(d) = 2*g(d) + t(d). Give f(5).
26
Let p(d) = 2*d - 4 - d + 3*d - 5*d**2 + d**3. Let c(l) = -l**3 - 6*l**2 + l - 14. Let n be c(-7). Suppose 0*o - n = -7*o. Determine p(o).
-4
Let s(y) = -y + 5. Let q(i) = -11. Let p(h) = 2*q(h) + 5*s(h). Let x be (4 + -6 + -1)*-1. Determine p(x).
-12
Let s = -32 + 34. Let f(y) = 93*y**s + 3 + 85*y**2 - 2*y - 174*y**2 - 1. Calculate f(2).
14
Let y be ((-36)/(-4))/3 + 1. Suppose y*h - 29 = -1. Let i(x) = h + x + 7 + 0*x. Calculate i(0).
14
Suppose 76 = 5*m + 16. Suppose 3*j + m = j. Let a(i) be the first derivative of i**4/4 + 5*i**3/3 - 5*i**2/2 + 8*i + 4893. Calculate a(j).
2
Let b(n) = -n**2 - 2. Let p(v) = 4*v**2 - 6*v - 3. Let y(i) = -3*b(i) - p(i). What is y(7)?
2
Let k(l) be the first derivative of -l**3/3 - 3*l**2 + 2*l + 1. Determine k(-6).
2
Let p be 1*(-3)/3 + 2 + 2. Suppose -p*s + 5 = -4*l, 3*l - 20 = -4*s - 5. Let c(i) = 10*i + 1. Give c(l).
11
Let a(b) = -77*b - 56. Let t(h) = -3*h - 2. Let j(l) = a(l) - 28*t(l). Determine j(-1).
-7
Let q(y) = -y - 19. Let j(f) = -f - 43. Let s be j(-27). Calculate q(s).
-3
Let b(z) = -3*z - 2 + 0 + z**3 + 20*z**2 - 17*z**2 + 0 + 0. Let t(l) = -l**2 + 7*l - 9. Let w be t(6). Give b(w).
7
Suppose 0 = 5*q - 25, -5 = -3*y - 2*y + 5*q. Let r(p) = p**3 - 6*p**2 - 2*p + 4. Give r(y).
-8
Let d = -18 + 11. Let p = d + 7. Suppose 0 = -3*u - p - 12. Let t(s) = s**2 + 2*s - 2. Determine t(u).
6
Let n(j) = 7*j - 6. Let y(r) = 15*r - 13. Let c(w) = 13*n(w) - 6*y(w). Let h(f) = -f**3 - 11*f**2 + 11*f - 7. Let l be h(-12). Give c(l).
5
Let o(r) be the second derivative of r**3/6 + 4*r**2 - 4*r. Let g be o(-6). Let s(j) = -g + 10*j - 4*j - 5*j. Give s(5).
3
Let b(m) be the third derivative of m**6/60 - m**5/60 - m**2. Let o be ((-3)/6)/(3/24). Let a be (10/3 + o)/(2/3). Calculate b(a).
-3
Let v be (2/(-6))/(((-2)/(-12))/(-1)). Let x(a) = -8*a - 3 + a**v + 2 + 6 + 1. Determine x(7).
-1
Let s(b) be the second derivative of -1/2*b**2 + 1/20*b**5 + 7/6*b**3 + 27*b + 0 + 7/12*b**4. Give s(-6).
-7
Let c(a) be the second derivative of a**3/6 + 3*a**2 + a. Let x = -62 + 70. Let t(v) = -4*v + 27. Let y be t(x). Calculate c(y).
1
Let k(n) = -n. Let b(m) = 2*m + 1. Let y(i) = 2*b(i) + 6*k(i). Let z(l) = l**2 - 14*l + 7. Let o be z(14). What is y(o)?
-12
Let a = -147 - -141. Let w(c) = c**2 + 2*c - 2. Give w(a).
22
Suppose 7*u - u + 48 = 0. Let w(b) = -b - 13. What is w(u)?
-5
Let n = -670 - -663. Let i(m) = m**2 + 7*m - 8. Calculate i(n).
-8
Suppose 9*g + 43 = -11. Let y be (-4)/g + (312/(-18))/2. Let m(p) = -p**2 - 9*p - 8. Determine m(y).
0
Suppose 5*j - 12 = 4*y, y + 0 + 3 = -2*j. Let s(r) = -r + 7. Give s(y).
10
Suppose j = -4*u - 4*j, -u + 5*j = 0. Let w(x) = 3*x + 8. Let f(q) = 7*q + 16. Let s be (-2)/3 + (-16)/(-6). Let h(m) = s*f(m) - 5*w(m). Calculate h(u).
-8
Suppose 3*p + 145 = 145. Suppose -l - 3 = p, -a - 4*a + 3*l = 26. Let r(i) = -i. What is r(a)?
7
Let o be -1*1 - (3 + 0). Let z be -1*(-2)/(o/(-2)). Let b(m) = 19*m + 167. Let x(q) = 9*q + 76. Let d(j) = -5*b(j) + 11*x(j). What is d(z)?
5
Let o(t) = -t**2 + 18*t - 76. Let f be o(8). Let s(g) = g**2 - 3*g - 10. Give s(f).
-6
Let f(k) = -15*k**2 + 3*k - 7. Let j = 10 + -9. Let r(x) = x**2 + x - 4 + j - 8*x**2 + 0. Let h(p) = 6*f(p) - 13*r(p). Calculate h(-6).
3
Let l(x) = -5*x**3 + x**2 + 5*x + 2. Let q(b) = -9*b**3 + 2*b**2 + 9*b + 3. Let f(v) = -7*l(v) + 4*q(v). Let k = -19 + 95. Let w = -74 + k. Give f(w).
-4
Let m(t) = t**3 - 6*t**2 + 4*t - 8. Suppose 4*o = -0*o + 24. Let g be 18/o - -3*(-1 + 2). What is m(g)?
16
Let i(k) be the third derivative of -k**4/8 + 8*k**3/3 - 24*k**2 + k. Calculate i(7).
-5
Let h(m) be the third derivative of m**7/5040 - m**6/720 + m**5/6 - 10*m**2. Let r(j) be the third derivative of h(j). Give r(1).
0
Suppose 0 = -3*p + 4*t + 3, 4*p + 5*t = 1 + 3. Let d(x) = -4 - 25*x**3 + 6 - x - 2. Give d(p).
-26
Let a(l) = l**2 + 8*l + 3. Suppose 3*o + 12 = 9*o. Suppose -5*m = 20, -4*c - o*m = -0*c + 36. Give a(c).
-4
Suppose 36 = 13*l - 3. Let d(o) be the second derivative of -1/3*o**4 - 1/2*o**l + 1/20*o**5 + 0 + o**2 + o. Determine d(5).
12
Let k(m) = m**2 + 10*m + 9. Let r = 213 + -222. What is k(r)?
0
Let k be 0 + -5 - -2 - 2. Let n = k + 3. Let c(v) be the second derivative of -v**3/3 - 3*v**2/2 - 21*v. Determine c(n).
1
Let f(g) = -g**2 + 6*g - 6. Suppose -12*t + 189 - 141 = 0. Determine f(t).
2
Let o(t) = t - 10. Suppose -5*z - 2*z + 406 = 0. Let c = z + -47. Calculate o(c).
1
Suppose -3*w = -5*h - 8*w - 20, -8 = 2*h - 2*w. Let d be (-1 + (-6)/h)/(2/4). Let c(o) = -7*o**3 + 2*o**2 - 2*o + 1. Give c(d).
-6
Suppose -7*d + 14 + 21 = 0. Let z(f) = 81*f**2 - 4 - 83*f**2 + 7*f - 2. Determine z(d).
-21
Let z(h) = 3*h**3 + 9*h**2 - 3*h + 39. Let r(i) = -i**3 - 3*i**2 + i - 12. Let u(w) = -7*r(w) - 2*z(w). What is u(0)?
6
Let y be 4 + 2*(3 + 2). Let i be 116/y + 26/(-91). Let r be ((-7)/14)/((-1)/i). Let n(o) = 4*o - 1. Determine n(r).
15
Let r = -12 + 8. Let u(m) be the third derivative of -m**5/60 - m**4/8 + m**3/6 + 579*m**2. Give u(r).
-3
Suppose 4*s - 9*y + 7 = -4*y, 0 = -2*s - 3*y - 9. Let h(c) be the second derivative of -c**3/2 - c**2 - c. Calculate h(s).
7
Let k(g) = -2*g**2 - 6*g + 4. Let m be 5/(-1)*(6 + (-30)/6). What is k(m)?
-16
Suppose 4*f - 75 = -5*v, -30 = -3*v + v + 2*f. Suppose -7*x = -2*x - v. Let r(k) = 2*k - 3. Determine r(x).
3
Let d(v) = v**2 + 7*v + 5. Let f(r) be the first derivative of 5*r**2/2 + 7*r - 6. Let j be f(-6). Let w = j - -17. Determine d(w).
-1
Let w(v) be the second derivative of -v**6/120 + v**5/15 - v**4/24 - 4*v**2 + 11*v. Let o(z) be the first derivative of w(z). Calculate o(4).
-4
Let c = -44 - -46. Let x(f) = 2*f - 6. Calculate x(c).
-2
Suppose 2*u - 1 = -u + a, -7 = u - 4*a. Suppose -4*h + 19 = -u. Suppose 3*k - 5*k + h = 3*q, 40 = -4*k + 4*q. Let o(j) = -2*j - 1. Determine o(k).
9
Let a(v) = v**3 + 16*v**2 + 14*v - 20. Let q = 389 + -404. Give a(q).
-5
Let f = -2 + 5. Suppose -2 - f = -l. Suppose l*j - 3 + 18 = 0. Let w(c) = c**3 + 3*c**2 + 3*c + 4. What is w(j)?
-5
Let c(l) be the third derivative of l**6/120 - l**5/12 - l**4/24 - l**3/3 - 49*l**2. Calculate c(5).
-7
Suppose 0 = 2*n + 4*c + 6, 3*n - 2*c + 25 = -0*n. Let h = -14 - n. Let x be (0 - -3) + h + 3. Let g(s) = 6*s**2. Give g(x).
6
Let q(r) be the first derivative of -r**6/120 - r**4/24 + 22*r**3/3 + 10. Let x(v) be the third derivative of q(v). Give x(-2).
-13
Let l(h) = -h**3 + 14*h**2 - 26*h + 22. Let r be l(12). Let q(w) = -2*w**3 - w**2 - 2. Give q(r).
10
Let p(y) = y + 9. Let o be p(-9). Let k be o + 4 + 8/(-4). Let l(b) = -b - 4 + k - 3. What is l(-5)?
0
Suppose 4*f = 3 + 1. Let j(n) = -6*n - 4. Let q(k) = 16*k + 11. Let m(a) = -11*j(a) - 4*q(a). Calculate m(f).
2
Let z be 15*2 - 5*(-6)/(-15). Let s = z - 33. Let k(g) = g**3 + 4*g**2 - 5*g + 6. What is k(s)?
6
Let n(k) = -14*k**3 - 17*k**2 - 23*k - 24. Let y(t) = -11*t**3 - 17*t**2 - 22*t - 24. Let b(v) = 4*n(v) - 5*y(v). What is b(18)?
24
Suppose 47*g + 6 = 49*g. Let u(s) be the first derivative of -4/3*s**g - 2*s + 1/4*s**4 - 5/2*s**2 - 2. Determine u(5).
-2
Let c(v) be the second derivative of v**3/3 - 178*v. Calculate c(-4).
-8
Let s(u) be the first derivative of 17*u**2/2 - 47. Determine s(-2).
-34
Let n(u) = -3*u - 29. Suppose s + 4*i - 9 = 0, 2*s - 5*i + 78 - 31 = 0. What is n(s)?
4
Suppose 0 = 14*x - 15*x + 4. Let c(i) = 